{"id":68,"date":"2024-12-02T16:30:50","date_gmt":"2024-12-02T15:30:50","guid":{"rendered":"https:\/\/www.neopermis.fr\/?page_id=68"},"modified":"2024-12-18T16:24:57","modified_gmt":"2024-12-18T15:24:57","slug":"formulaire-contact-partenaires","status":"publish","type":"page","link":"https:\/\/www.neopermis.fr\/index.php\/formulaire-contact-partenaires\/","title":{"rendered":"Nous contacter"},"content":{"rendered":"\t\t<div data-elementor-type=\"wp-page\" data-elementor-id=\"68\" class=\"elementor elementor-68\">\n\t\t\t\t<div class=\"elementor-element elementor-element-c34684d e-con-full e-flex e-con e-parent\" data-id=\"c34684d\" data-element_type=\"container\" data-settings=\"{&quot;background_background&quot;:&quot;classic&quot;}\">\n\t\t\t\t<div class=\"elementor-element elementor-element-4913dbb elementor-widget elementor-widget-image\" data-id=\"4913dbb\" data-element_type=\"widget\" data-widget_type=\"image.default\">\n\t\t\t\t<div class=\"elementor-widget-container\">\n\t\t\t\t\t\t\t\t\t\t\t\t\t<img decoding=\"async\" src=\"https:\/\/www.neopermis.fr\/wp-content\/uploads\/2024\/12\/logo-PSP.jpg\" title=\"logo PSP\" alt=\"logo PSP\" loading=\"lazy\" \/>\t\t\t\t\t\t\t\t\t\t\t\t\t<\/div>\n\t\t\t\t<\/div>\n\t\t\t\t<\/div>\n\t\t<div class=\"elementor-element elementor-element-ede3659 e-con-full e-flex e-con e-parent\" data-id=\"ede3659\" data-element_type=\"container\" data-settings=\"{&quot;background_background&quot;:&quot;classic&quot;}\">\n\t\t\t\t<\/div>\n\t\t<div class=\"elementor-element elementor-element-18b9fd85 e-con-full e-flex e-con e-parent\" data-id=\"18b9fd85\" data-element_type=\"container\">\n\t\t<div class=\"elementor-element elementor-element-137f3ac e-flex e-con-boxed e-con e-child\" data-id=\"137f3ac\" data-element_type=\"container\">\n\t\t\t\t\t<div class=\"e-con-inner\">\n\t\t\t\t<div class=\"elementor-element elementor-element-58da240 elementor-widget elementor-widget-heading\" data-id=\"58da240\" data-element_type=\"widget\" data-widget_type=\"heading.default\">\n\t\t\t\t<div class=\"elementor-widget-container\">\n\t\t\t<h1 class=\"elementor-heading-title elementor-size-default\">Nous contacter<\/h1>\t\t<\/div>\n\t\t\t\t<\/div>\n\t\t\t\t<div class=\"elementor-element elementor-element-989a79b elementor-widget elementor-widget-html\" data-id=\"989a79b\" data-element_type=\"widget\" data-widget_type=\"html.default\">\n\t\t\t\t<div class=\"elementor-widget-container\">\n\t\t\t<style>\n.inside-site-info{\n    display: none !important;\n}\n\n.grid-container{\n    max-width: 100% !important;\n}\nheader{\n    display: none !important;\n}\n#ewd-ufaq-jquery-ajax-search{\nwidth: 100% !important;\n}\n.search-field{\nwidth: 100% !important;\n}\n#ewd-ufaq-text-search{\nwidth: 100% !important;\n}\n#ewd-ufaq-faq-list{\n    margin-top: 100px;\n}\n#ewd-ufaq-text-search{\n    border: 1px solid black;\n}\n.elementor-element-e8d0df9{\n    height: 40px !important;\n}\n.site-footer{\n    background: #333333 !important;\n    height: 40px !important;\n    padding: 0px !important;\n    margin: 0px !important;\n    \n    position: fixed;\n  left: 0;\n  bottom: 0;\n  width: 100%;\n  background-color: red;\n  color: white;\n  text-align: center;\n}\n#site-header{\n    display: none !important;\n}\n.footer-credits{\n    display: none !important;\n}\n.to-the-top{\n    display: none !important;\n}\n<\/style>\t\t<\/div>\n\t\t\t\t<\/div>\n\t\t\t\t\t<\/div>\n\t\t\t\t<\/div>\n\t\t\t\t<\/div>\n\t\t<div class=\"elementor-element elementor-element-25cea13 e-con-full e-flex e-con e-parent\" data-id=\"25cea13\" data-element_type=\"container\">\n\t\t\t\t<div class=\"elementor-element elementor-element-bdf89b7 elementor-widget__width-initial elementor-widget elementor-widget-shortcode\" data-id=\"bdf89b7\" data-element_type=\"widget\" data-widget_type=\"shortcode.default\">\n\t\t\t\t<div class=\"elementor-widget-container\">\n\t\t\t\t\t<div class=\"elementor-shortcode\"><div class=\"wpforms-container wpforms-container-full wpforms-render-modern\" id=\"wpforms-40\"><form id=\"wpforms-form-40\" class=\"wpforms-validate wpforms-form wpforms-ajax-form\" data-formid=\"40\" method=\"post\" enctype=\"multipart\/form-data\" action=\"\/index.php\/wp-json\/wp\/v2\/pages\/68\" data-token=\"a845354b57f2bad88d39d12057221144\" data-token-time=\"1775871227\"><noscript class=\"wpforms-error-noscript\">Please enable JavaScript in your browser to complete this form.<\/noscript><div class=\"wpforms-hidden\" id=\"wpforms-error-noscript\">Please enable JavaScript in your browser to complete this form.<\/div><div class=\"wpforms-field-container\"><div id=\"wpforms-40-field_1-container\" class=\"wpforms-field wpforms-field-name\" data-field-id=\"1\"><label class=\"wpforms-field-label\" for=\"wpforms-40-field_1\">Nom du centre  <span class=\"wpforms-required-label\" aria-hidden=\"true\">*<\/span><\/label><input type=\"text\" id=\"wpforms-40-field_1\" class=\"wpforms-field-medium wpforms-field-required\" name=\"wpforms[fields][1]\" aria-errormessage=\"wpforms-40-field_1-error\" required><\/div><div id=\"wpforms-40-field_2-container\" class=\"wpforms-field wpforms-field-email\" data-field-id=\"2\"><label class=\"wpforms-field-label\" for=\"wpforms-40-field_2\">E-mail <span class=\"wpforms-required-label\" aria-hidden=\"true\">*<\/span><\/label><input type=\"email\" id=\"wpforms-40-field_2\" class=\"wpforms-field-medium wpforms-field-required\" name=\"wpforms[fields][2]\" spellcheck=\"false\" aria-errormessage=\"wpforms-40-field_2-error\" required><\/div><div id=\"wpforms-40-field_5-container\" class=\"wpforms-field wpforms-field-text\" data-field-id=\"5\"><label class=\"wpforms-field-label\" for=\"wpforms-40-field_5\">T\u00e9l\u00e9phone <span class=\"wpforms-required-label\" aria-hidden=\"true\">*<\/span><\/label><input type=\"text\" id=\"wpforms-40-field_5\" class=\"wpforms-field-small wpforms-field-required\" name=\"wpforms[fields][5]\" aria-errormessage=\"wpforms-40-field_5-error\" required><\/div><div id=\"wpforms-40-field_10-container\" class=\"wpforms-field wpforms-field-select wpforms-field-select-style-classic\" data-field-id=\"10\"><label class=\"wpforms-field-label\" for=\"wpforms-40-field_10\">\u00cates-vous centre partenaire de ProStagesPermis ? <span class=\"wpforms-required-label\" aria-hidden=\"true\">*<\/span><\/label><select id=\"wpforms-40-field_10\" class=\"wpforms-field-medium wpforms-field-required\" name=\"wpforms[fields][10]\" required=\"required\"><option value=\"\" class=\"placeholder\" disabled  selected='selected'>\u00cates-vous centre partenaire de ProStagesPermis ?<\/option><option value=\"Oui\" >Oui<\/option><option value=\"Non\" >Non<\/option><\/select><\/div><div id=\"wpforms-40-field_6-container\" class=\"wpforms-field wpforms-field-select wpforms-field-select-style-classic\" data-field-id=\"6\"><label class=\"wpforms-field-label\" for=\"wpforms-40-field_6\">Raison de contact <span class=\"wpforms-required-label\" aria-hidden=\"true\">*<\/span><\/label><select id=\"wpforms-40-field_6\" class=\"wpforms-field-medium wpforms-field-required\" name=\"wpforms[fields][6]\" required=\"required\"><option value=\"\" class=\"placeholder\" disabled  selected='selected'>Choisissez un motif de contact<\/option><option value=\"Je ne parviens pas \u00e0 acc\u00e9der \u00e0 mon Espace Partenaire\" >Je ne parviens pas \u00e0 acc\u00e9der \u00e0 mon Espace Partenaire<\/option><option value=\"Je ne re\u00e7ois plus les mails automatiques\" >Je ne re\u00e7ois plus les mails automatiques<\/option><option value=\"Je rencontre des difficult\u00e9s pour envoyer mes dossiers \u00e0 l&#039;ANTS\" >Je rencontre des difficult\u00e9s pour envoyer mes dossiers \u00e0 l&#039;ANTS<\/option><option value=\"Besoin de confirmation sur l&#039;inscription d&#039;un stagiaire\" >Besoin de confirmation sur l&#039;inscription d&#039;un stagiaire<\/option><option value=\"Stagiaire d\u00e9sist\u00e9 finalement pr\u00e9sent\" >Stagiaire d\u00e9sist\u00e9 finalement pr\u00e9sent<\/option><option value=\"Remplacer un stagiaire PSP absent par un stagiaire de mon r\u00e9seau\" >Remplacer un stagiaire PSP absent par un stagiaire de mon r\u00e9seau<\/option><option value=\"Je souhaite changer le lieu de mon stage\" >Je souhaite changer le lieu de mon stage<\/option><option value=\"Je souhaite booster mes stages\" >Je souhaite booster mes stages<\/option><option value=\"Je souhaite vous informer d&#039;une erreur au niveau du virement\" >Je souhaite vous informer d&#039;une erreur au niveau du virement<\/option><\/select><\/div><div id=\"wpforms-40-field_3-container\" class=\"wpforms-field wpforms-field-textarea\" data-field-id=\"3\"><label class=\"wpforms-field-label\" for=\"wpforms-40-field_3\">Pr\u00e9cisions suppl\u00e9mentaires sur la probl\u00e9matique rencontr\u00e9e  <span class=\"wpforms-required-label\" aria-hidden=\"true\">*<\/span><\/label><textarea id=\"wpforms-40-field_3\" class=\"wpforms-field-medium wpforms-field-required\" name=\"wpforms[fields][3]\" aria-errormessage=\"wpforms-40-field_3-error\" required><\/textarea><\/div><\/div><!-- .wpforms-field-container --><div class=\"wpforms-submit-container\" ><input type=\"hidden\" name=\"wpforms[id]\" value=\"40\"><input type=\"hidden\" name=\"page_title\" value=\"\"><input type=\"hidden\" name=\"page_url\" value=\"https:\/\/www.neopermis.fr\/index.php\/wp-json\/wp\/v2\/pages\/68\"><button type=\"submit\" name=\"wpforms[submit]\" id=\"wpforms-submit-40\" class=\"wpforms-submit\" data-alt-text=\"Envoi en cours\" data-submit-text=\"Envoyer\" aria-live=\"assertive\" value=\"wpforms-submit\">Envoyer<\/button><img decoding=\"async\" src=\"https:\/\/www.neopermis.fr\/wp-content\/plugins\/wpforms-lite\/assets\/images\/submit-spin.svg\" class=\"wpforms-submit-spinner\" style=\"display: none;\" width=\"26\" height=\"26\" alt=\"Loading\"><\/div><\/form><\/div>  <!-- .wpforms-container --><\/div>\n\t\t\t\t<\/div>\n\t\t\t\t<\/div>\n\t\t\t\t<\/div>\n\t\t\t\t<\/div>\n\t\t","protected":false},"excerpt":{"rendered":"<p>Nous contacter<\/p>\n","protected":false},"author":1,"featured_media":0,"parent":0,"menu_order":0,"comment_status":"closed","ping_status":"closed","template":"","meta":{"footnotes":""},"class_list":["post-68","page","type-page","status-publish"],"_links":{"self":[{"href":"https:\/\/www.neopermis.fr\/index.php\/wp-json\/wp\/v2\/pages\/68","targetHints":{"allow":["GET"]}}],"collection":[{"href":"https:\/\/www.neopermis.fr\/index.php\/wp-json\/wp\/v2\/pages"}],"about":[{"href":"https:\/\/www.neopermis.fr\/index.php\/wp-json\/wp\/v2\/types\/page"}],"author":[{"embeddable":true,"href":"https:\/\/www.neopermis.fr\/index.php\/wp-json\/wp\/v2\/users\/1"}],"replies":[{"embeddable":true,"href":"https:\/\/www.neopermis.fr\/index.php\/wp-json\/wp\/v2\/comments?post=68"}],"version-history":[{"count":124,"href":"https:\/\/www.neopermis.fr\/index.php\/wp-json\/wp\/v2\/pages\/68\/revisions"}],"predecessor-version":[{"id":491,"href":"https:\/\/www.neopermis.fr\/index.php\/wp-json\/wp\/v2\/pages\/68\/revisions\/491"}],"wp:attachment":[{"href":"https:\/\/www.neopermis.fr\/index.php\/wp-json\/wp\/v2\/media?parent=68"}],"curies":[{"name":"wp","href":"https:\/\/api.w.org\/{rel}","templated":true}]}}