{"id":14,"date":"2024-12-02T09:59:09","date_gmt":"2024-12-02T08:59:09","guid":{"rendered":"https:\/\/www.neopermis.fr\/?post_type=ufaq&#038;p=14"},"modified":"2025-04-11T12:06:51","modified_gmt":"2025-04-11T10:06:51","slug":"je-nai-pas-de-numero-de-tva-est-ce-un-probleme","status":"publish","type":"ufaq","link":"https:\/\/www.neopermis.fr\/index.php\/ufaq\/je-nai-pas-de-numero-de-tva-est-ce-un-probleme\/","title":{"rendered":"Je n\u2019ai pas de num\u00e9ro de TVA, est-ce un probl\u00e8me ?"},"content":{"rendered":"<style>.ewd-ufaq-post-margin-symbol { color: #2b90df !important; }div.ewd-ufaq-faq-title h5 { font-family: arial !important; }div.ewd-ufaq-faq-title h5 { font-size: 18px !important; }div.ewd-ufaq-faq-title h5 { color: #2b90df !important; }div.ewd-ufaq-faq-category-title h5 { color: #080707 !important; }#ewd-ufaq-text-search {\r\n    height: 60px; \r\n    width: 300%; \r\n    max-width: 1000px;\r\n}\r\n.footer-nav-widgets-wrapper{\r\n  display: none !important;\r\n}\r\n\r\n#site-footer{\r\n  background: black;\r\n  height: 20px;\r\n}\r\n.footer-credits{\r\n  display: none;\r\n}\r\n.to-the-top{\r\n  display: none;\r\n}\r\n.header-inner{\r\n  display: none;\r\n}\r\n.singular .entry-header{\r\n  padding: 30px 0px;\r\n  background: white;\r\n  color: black;\r\n}\r\n.post-inner{\r\n  padding-top: 0px;\r\n}\r\n.entry-header{\r\n  display: none;\r\n}\r\n\r\n\r\n\r\n<\/style><div  class=\"ewd-ufaq-faq-list ewd-ufaq-page-type-infinite_scroll\" id='ewd-ufaq-faq-list'>\n\n\t<input type='hidden' name='show_on_load' value='' id='ewd-ufaq-show-on-load' \/>\n<input type='hidden' name='include_category' value='' id='ewd-ufaq-include-category' \/>\n<input type='hidden' name='exclude_category' value='' id='ewd-ufaq-exclude-category' \/>\n<input type='hidden' name='orderby' value='set_order' id='ewd-ufaq-orderby' \/>\n<input type='hidden' name='order' value='asc' id='ewd-ufaq-order' \/>\n<input type='hidden' name='post_count' value='-1' id='ewd-ufaq-post-count' \/>\n<input type='hidden' name='current_url' value='\/index.php\/wp-json\/wp\/v2\/ufaq\/14' id='ewd-ufaq-current-url' \/>\n\t\n\t\n\t<div class='ewd-ufaq-faqs'>\n\n\t\t<div  class=\"ewd-ufaq-faq-div ewd-ufaq-faq-column-count-one ewd-ufaq-faq-responsive-columns-1 ewd-ufaq-faq-display-style-minimalist ewd-ufaq-can-be-toggled\" id='ewd-ufaq-post-14-qtclh6dPB4' data-post_id='14'>\n\n\t<div class='ewd-ufaq-faq-title ewd-ufaq-faq-toggle'>\n\t\n\t<a class='ewd-ufaq-post-margin'  href='#' role=\"button\">\n\n\t\t<div class='ewd-ufaq-post-margin-symbol ewd-ufaq-'>\n\t\t\t<span >B<\/span>\n\t\t<\/div>\n\n\t\t<div class='ewd-ufaq-faq-title-text'>\n\n\t\t\t<h5>\n\t\t\t\tJe n\u2019ai pas de num\u00e9ro de TVA, est-ce un probl\u00e8me ?\t\t\t<\/h5>\n\n\t\t<\/div>\n\n\t\t<div class='ewd-ufaq-clear'><\/div>\n\n\t<\/a>\n\t\n<\/div>\n\t\n\t<div class='ewd-ufaq-faq-body ' >\n\n\t\t\n\t\t\t\n\t\t\n\t\t\t<div class='ewd-ufaq-post-margin ewd-ufaq-faq-post'>\n\t<p class=\"\" data-start=\"145\" data-end=\"301\">Oui. Il nous est malheureusement impossible de collaborer avec un centre qui n\u2019est pas assujetti et redevable de la TVA, m\u00eame s\u2019il s\u2019agit d\u2019une association.<\/p>\n<p class=\"\" data-start=\"303\" data-end=\"508\">En effet, l\u2019activit\u00e9 de sensibilisation \u00e0 la s\u00e9curit\u00e9 routi\u00e8re (CSSR) est, par nature, soumise \u00e0 la TVA. Toute structure souhaitant organiser ce type de stages doit donc disposer d\u2019un num\u00e9ro de TVA valide.<\/p>\n<\/div>\n\t\t\n\t\t\t\n\t\t\n\t\t\t\n\t\t\n\t\t\t\n\t\t\n\t\t\t\n\t\t\n\t\t\t\n\t\t\n\t\t\t\n\t\t\n\t\t\t\n\t\t\n\t\t\t\n\t\t\n\t<\/div>\n\n<\/div>\n\t<\/div>\n\n\t\n<\/div>","protected":false},"excerpt":{"rendered":"<p>B Je n\u2019ai pas de num\u00e9ro de TVA, est-ce un probl\u00e8me ? Oui. Il nous est malheureusement impossible de collaborer avec un centre qui n\u2019est pas assujetti et redevable de la TVA, m\u00eame s\u2019il s\u2019agit d\u2019une association. En effet, l\u2019activit\u00e9 de sensibilisation \u00e0 la s\u00e9curit\u00e9 routi\u00e8re (CSSR) est, par nature, soumise \u00e0 la TVA. Toute &#8230; <a title=\"Je n\u2019ai pas de num\u00e9ro de TVA, est-ce un probl\u00e8me ?\" class=\"read-more\" href=\"https:\/\/www.neopermis.fr\/index.php\/ufaq\/je-nai-pas-de-numero-de-tva-est-ce-un-probleme\/\" aria-label=\"Read more about Je n\u2019ai pas de num\u00e9ro de TVA, est-ce un probl\u00e8me ?\">Read more<\/a><\/p>\n","protected":false},"author":1,"comment_status":"open","ping_status":"closed","template":"","ufaq-category":[11],"ufaq-tag":[],"class_list":["post-14","ufaq","type-ufaq","status-publish","hentry","ufaq-category-centre-k"],"_links":{"self":[{"href":"https:\/\/www.neopermis.fr\/index.php\/wp-json\/wp\/v2\/ufaq\/14","targetHints":{"allow":["GET"]}}],"collection":[{"href":"https:\/\/www.neopermis.fr\/index.php\/wp-json\/wp\/v2\/ufaq"}],"about":[{"href":"https:\/\/www.neopermis.fr\/index.php\/wp-json\/wp\/v2\/types\/ufaq"}],"author":[{"embeddable":true,"href":"https:\/\/www.neopermis.fr\/index.php\/wp-json\/wp\/v2\/users\/1"}],"replies":[{"embeddable":true,"href":"https:\/\/www.neopermis.fr\/index.php\/wp-json\/wp\/v2\/comments?post=14"}],"version-history":[{"count":2,"href":"https:\/\/www.neopermis.fr\/index.php\/wp-json\/wp\/v2\/ufaq\/14\/revisions"}],"predecessor-version":[{"id":672,"href":"https:\/\/www.neopermis.fr\/index.php\/wp-json\/wp\/v2\/ufaq\/14\/revisions\/672"}],"wp:attachment":[{"href":"https:\/\/www.neopermis.fr\/index.php\/wp-json\/wp\/v2\/media?parent=14"}],"wp:term":[{"taxonomy":"ufaq-category","embeddable":true,"href":"https:\/\/www.neopermis.fr\/index.php\/wp-json\/wp\/v2\/ufaq-category?post=14"},{"taxonomy":"ufaq-tag","embeddable":true,"href":"https:\/\/www.neopermis.fr\/index.php\/wp-json\/wp\/v2\/ufaq-tag?post=14"}],"curies":[{"name":"wp","href":"https:\/\/api.w.org\/{rel}","templated":true}]}}

Je n’ai pas de numéro de TVA, est-ce un problème ?

<style>.ewd-ufaq-post-margin-symbol { color: #2b90df !important; }div.ewd-ufaq-faq-title h5 { font-family: arial !important; }div.ewd-ufaq-faq-title h5 { font-size: 18px !important; }div.ewd-ufaq-faq-title h5 { color: #2b90df !important; }div.ewd-ufaq-faq-category-title h5 { color: #080707 !important; }#ewd-ufaq-text-search {
    height: 60px; 
    width: 300%; 
    max-width: 1000px;
}
.footer-nav-widgets-wrapper{
  display: none !important;
}

#site-footer{
  background: black;
  height: 20px;
}
.footer-credits{
  display: none;
}
.to-the-top{
  display: none;
}
.header-inner{
  display: none;
}
.singular .entry-header{
  padding: 30px 0px;
  background: white;
  color: black;
}
.post-inner{
  padding-top: 0px;
}
.entry-header{
  display: none;
}



</style><div  class="ewd-ufaq-faq-list ewd-ufaq-page-type-infinite_scroll" id='ewd-ufaq-faq-list'>

	<input type='hidden' name='show_on_load' value='' id='ewd-ufaq-show-on-load' />
<input type='hidden' name='include_category' value='' id='ewd-ufaq-include-category' />
<input type='hidden' name='exclude_category' value='' id='ewd-ufaq-exclude-category' />
<input type='hidden' name='orderby' value='set_order' id='ewd-ufaq-orderby' />
<input type='hidden' name='order' value='asc' id='ewd-ufaq-order' />
<input type='hidden' name='post_count' value='-1' id='ewd-ufaq-post-count' />
<input type='hidden' name='current_url' value='/index.php/wp-json/wp/v2/ufaq/14' id='ewd-ufaq-current-url' />
	
	
	<div class='ewd-ufaq-faqs'>

		<div  class="ewd-ufaq-faq-div ewd-ufaq-faq-column-count-one ewd-ufaq-faq-responsive-columns-1 ewd-ufaq-faq-display-style-minimalist ewd-ufaq-can-be-toggled" id='ewd-ufaq-post-14-qtclh6dPB4' data-post_id='14'>

	<div class='ewd-ufaq-faq-title ewd-ufaq-faq-toggle'>
	
	<a class='ewd-ufaq-post-margin'  href='#' role="button">

		<div class='ewd-ufaq-post-margin-symbol ewd-ufaq-'>
			<span >B</span>
		</div>

		<div class='ewd-ufaq-faq-title-text'>

			<h5>
				Je n’ai pas de numéro de TVA, est-ce un problème ?			</h5>

		</div>

		<div class='ewd-ufaq-clear'></div>

	</a>
	
</div>
	
	<div class='ewd-ufaq-faq-body ' >

		
			
		
			<div class='ewd-ufaq-post-margin ewd-ufaq-faq-post'>
	<p class="" data-start="145" data-end="301">Oui. Il nous est malheureusement impossible de collaborer avec un centre qui n’est pas assujetti et redevable de la TVA, même s’il s’agit d’une association.</p>
<p class="" data-start="303" data-end="508">En effet, l’activité de sensibilisation à la sécurité routière (CSSR) est, par nature, soumise à la TVA. Toute structure souhaitant organiser ce type de stages doit donc disposer d’un numéro de TVA valide.</p>
</div>
		
			
		
			
		
			
		
			
		
			
		
			
		
			
		
			
		
	</div>

</div>
	</div>

	
</div>

<p>B Je n’ai pas de numéro de TVA, est-ce un problème ? Oui. Il nous est malheureusement impossible de collaborer avec un centre qui n’est pas assujetti et redevable de la TVA, même s’il s’agit d’une association. En effet, l’activité de sensibilisation à la sécurité routière (CSSR) est, par nature, soumise à la TVA. Toute &#8230; <a title="Je n’ai pas de numéro de TVA, est-ce un problème ?" class="read-more" href="https://www.neopermis.fr/index.php/ufaq/je-nai-pas-de-numero-de-tva-est-ce-un-probleme/" aria-label="Read more about Je n’ai pas de numéro de TVA, est-ce un problème ?">Read more</a></p>
