{"id":551,"date":"2025-01-13T11:35:44","date_gmt":"2025-01-13T10:35:44","guid":{"rendered":"https:\/\/www.neopermis.fr\/?post_type=ufaq&#038;p=551"},"modified":"2025-01-13T11:35:44","modified_gmt":"2025-01-13T10:35:44","slug":"pourquoi-les-champs-dep-et-lieu-sont-vides-lorsque-jessaie-dajouter-des-dates-de-stage","status":"publish","type":"ufaq","link":"https:\/\/www.neopermis.fr\/index.php\/ufaq\/pourquoi-les-champs-dep-et-lieu-sont-vides-lorsque-jessaie-dajouter-des-dates-de-stage\/","title":{"rendered":"Pourquoi les champs \u00ab D\u00e9p. \u00bb et \u00ab Lieu \u00bb sont vides lorsque j\u2019essaie d\u2019ajouter des dates de stage ?"},"content":{"rendered":"<style>.ewd-ufaq-post-margin-symbol { color: #2b90df !important; }div.ewd-ufaq-faq-title h5 { font-family: arial !important; }div.ewd-ufaq-faq-title h5 { font-size: 18px !important; }div.ewd-ufaq-faq-title h5 { color: #2b90df !important; }div.ewd-ufaq-faq-category-title h5 { color: #080707 !important; }#ewd-ufaq-text-search {\r\n    height: 60px; \r\n    width: 300%; \r\n    max-width: 1000px;\r\n}\r\n.footer-nav-widgets-wrapper{\r\n  display: none !important;\r\n}\r\n\r\n#site-footer{\r\n  background: black;\r\n  height: 20px;\r\n}\r\n.footer-credits{\r\n  display: none;\r\n}\r\n.to-the-top{\r\n  display: none;\r\n}\r\n.header-inner{\r\n  display: none;\r\n}\r\n.singular .entry-header{\r\n  padding: 30px 0px;\r\n  background: white;\r\n  color: black;\r\n}\r\n.post-inner{\r\n  padding-top: 0px;\r\n}\r\n.entry-header{\r\n  display: none;\r\n}\r\n\r\n\r\n\r\n<\/style><div  class=\"ewd-ufaq-faq-list ewd-ufaq-page-type-infinite_scroll\" id='ewd-ufaq-faq-list'>\n\n\t<input type='hidden' name='show_on_load' value='' id='ewd-ufaq-show-on-load' \/>\n<input type='hidden' name='include_category' value='' id='ewd-ufaq-include-category' \/>\n<input type='hidden' name='exclude_category' value='' id='ewd-ufaq-exclude-category' \/>\n<input type='hidden' name='orderby' value='set_order' id='ewd-ufaq-orderby' \/>\n<input type='hidden' name='order' value='asc' id='ewd-ufaq-order' \/>\n<input type='hidden' name='post_count' value='-1' id='ewd-ufaq-post-count' \/>\n<input type='hidden' name='current_url' value='\/index.php\/wp-json\/wp\/v2\/ufaq\/551' id='ewd-ufaq-current-url' \/>\n\t\n\t\n\t<div class='ewd-ufaq-faqs'>\n\n\t\t<div  class=\"ewd-ufaq-faq-div ewd-ufaq-faq-column-count-one ewd-ufaq-faq-responsive-columns-1 ewd-ufaq-faq-display-style-minimalist ewd-ufaq-can-be-toggled\" id='ewd-ufaq-post-551-7ip384MC8f' data-post_id='551'>\n\n\t<div class='ewd-ufaq-faq-title ewd-ufaq-faq-toggle'>\n\t\n\t<a class='ewd-ufaq-post-margin'  href='#' role=\"button\">\n\n\t\t<div class='ewd-ufaq-post-margin-symbol ewd-ufaq-'>\n\t\t\t<span >B<\/span>\n\t\t<\/div>\n\n\t\t<div class='ewd-ufaq-faq-title-text'>\n\n\t\t\t<h5>\n\t\t\t\tPourquoi les champs \u00ab D\u00e9p. \u00bb et \u00ab Lieu \u00bb sont vides lorsque j\u2019essaie d\u2019ajouter des dates de stage ?\t\t\t<\/h5>\n\n\t\t<\/div>\n\n\t\t<div class='ewd-ufaq-clear'><\/div>\n\n\t<\/a>\n\t\n<\/div>\n\t\n\t<div class='ewd-ufaq-faq-body ' >\n\n\t\t\n\t\t\t\n\t\t\n\t\t\t<div class='ewd-ufaq-post-margin ewd-ufaq-faq-post'>\n\t<p>Si les champs <strong>\u00ab D\u00e9p. \u00bb<\/strong> et <strong>\u00ab Lieu \u00bb<\/strong> sont vides lors de l\u2019ajout d\u2019une date de stage, cela signifie que le lieu du stage n\u2019a pas encore \u00e9t\u00e9 cr\u00e9\u00e9 dans la rubrique <strong>\u00ab Salles \u00bb<\/strong> de votre Espace Partenaire.<\/p>\n<p>\ud83d\udc49 <strong>Marche \u00e0 suivre :<\/strong><\/p>\n<ol>\n<li>Rendez-vous dans la rubrique <strong>\u00ab Salles \u00bb<\/strong> de votre Espace Partenaire.<\/li>\n<li>Cliquez sur le bouton <strong>\u00ab Ajouter une salle \u00bb<\/strong>.<\/li>\n<li>Compl\u00e9tez tous les champs n\u00e9cessaires (nom de la salle, adresse, etc.).<\/li>\n<li>Cliquez sur <strong>\u00ab Enregistrer \u00bb<\/strong> pour valider la cr\u00e9ation du lieu :<\/li>\n<\/ol>\n<p style=\"padding-left: 200px\"><img fetchpriority=\"high\" decoding=\"async\" class=\"alignnone size-medium wp-image-552\" src=\"http:\/\/www.neopermis.fr\/wp-content\/uploads\/2025\/01\/image_2025-01-13_113456155-273x300.png\" alt=\"\" width=\"273\" height=\"300\" srcset=\"https:\/\/www.neopermis.fr\/wp-content\/uploads\/2025\/01\/image_2025-01-13_113456155-273x300.png 273w, https:\/\/www.neopermis.fr\/wp-content\/uploads\/2025\/01\/image_2025-01-13_113456155-930x1024.png 930w, https:\/\/www.neopermis.fr\/wp-content\/uploads\/2025\/01\/image_2025-01-13_113456155-768x845.png 768w, https:\/\/www.neopermis.fr\/wp-content\/uploads\/2025\/01\/image_2025-01-13_113456155-1396x1536.png 1396w, https:\/\/www.neopermis.fr\/wp-content\/uploads\/2025\/01\/image_2025-01-13_113456155.png 1522w\" sizes=\"(max-width: 273px) 100vw, 273px\" \/><\/p>\n<p>\ud83d\udc49 <strong>Une fois le lieu cr\u00e9\u00e9 :<\/strong><br \/>\nRevenez dans la rubrique <strong>\u00ab Stages \u00bb<\/strong> et recommencez l\u2019ajout de votre date de stage. Les champs <strong>\u00ab D\u00e9p. \u00bb<\/strong> et <strong>\u00ab Lieu \u00bb<\/strong> devraient d\u00e9sormais affich\u00e9s la salle que vous venez d\u2019ajouter.<\/p>\n<\/div>\n\t\t\n\t\t\t\n\t\t\n\t\t\t\n\t\t\n\t\t\t\n\t\t\n\t\t\t\n\t\t\n\t\t\t\n\t\t\n\t\t\t\n\t\t\n\t\t\t\n\t\t\n\t\t\t\n\t\t\n\t<\/div>\n\n<\/div>\n\t<\/div>\n\n\t\n<\/div>","protected":false},"excerpt":{"rendered":"<p>B Pourquoi les champs \u00ab D\u00e9p. \u00bb et \u00ab Lieu \u00bb sont vides lorsque j\u2019essaie d\u2019ajouter des dates de stage ? Si les champs \u00ab D\u00e9p. \u00bb et \u00ab Lieu \u00bb sont vides lors de l\u2019ajout d\u2019une date de stage, cela signifie que le lieu du stage n\u2019a pas encore \u00e9t\u00e9 cr\u00e9\u00e9 dans la rubrique &#8230; <a title=\"Pourquoi les champs \u00ab D\u00e9p. \u00bb et \u00ab Lieu \u00bb sont vides lorsque j\u2019essaie d\u2019ajouter des dates de stage ?\" class=\"read-more\" href=\"https:\/\/www.neopermis.fr\/index.php\/ufaq\/pourquoi-les-champs-dep-et-lieu-sont-vides-lorsque-jessaie-dajouter-des-dates-de-stage\/\" aria-label=\"Read more about Pourquoi les champs \u00ab D\u00e9p. \u00bb et \u00ab Lieu \u00bb sont vides lorsque j\u2019essaie d\u2019ajouter des dates de stage ?\">Read more<\/a><\/p>\n","protected":false},"author":1,"comment_status":"closed","ping_status":"closed","template":"","ufaq-category":[6],"ufaq-tag":[],"class_list":["post-551","ufaq","type-ufaq","status-publish","hentry","ufaq-category-centre-g"],"_links":{"self":[{"href":"https:\/\/www.neopermis.fr\/index.php\/wp-json\/wp\/v2\/ufaq\/551","targetHints":{"allow":["GET"]}}],"collection":[{"href":"https:\/\/www.neopermis.fr\/index.php\/wp-json\/wp\/v2\/ufaq"}],"about":[{"href":"https:\/\/www.neopermis.fr\/index.php\/wp-json\/wp\/v2\/types\/ufaq"}],"author":[{"embeddable":true,"href":"https:\/\/www.neopermis.fr\/index.php\/wp-json\/wp\/v2\/users\/1"}],"replies":[{"embeddable":true,"href":"https:\/\/www.neopermis.fr\/index.php\/wp-json\/wp\/v2\/comments?post=551"}],"version-history":[{"count":1,"href":"https:\/\/www.neopermis.fr\/index.php\/wp-json\/wp\/v2\/ufaq\/551\/revisions"}],"predecessor-version":[{"id":553,"href":"https:\/\/www.neopermis.fr\/index.php\/wp-json\/wp\/v2\/ufaq\/551\/revisions\/553"}],"wp:attachment":[{"href":"https:\/\/www.neopermis.fr\/index.php\/wp-json\/wp\/v2\/media?parent=551"}],"wp:term":[{"taxonomy":"ufaq-category","embeddable":true,"href":"https:\/\/www.neopermis.fr\/index.php\/wp-json\/wp\/v2\/ufaq-category?post=551"},{"taxonomy":"ufaq-tag","embeddable":true,"href":"https:\/\/www.neopermis.fr\/index.php\/wp-json\/wp\/v2\/ufaq-tag?post=551"}],"curies":[{"name":"wp","href":"https:\/\/api.w.org\/{rel}","templated":true}]}}

Pourquoi les champs « Dép. » et « Lieu » sont vides lorsque j’essaie d’ajouter des dates de stage ?

<style>.ewd-ufaq-post-margin-symbol { color: #2b90df !important; }div.ewd-ufaq-faq-title h5 { font-family: arial !important; }div.ewd-ufaq-faq-title h5 { font-size: 18px !important; }div.ewd-ufaq-faq-title h5 { color: #2b90df !important; }div.ewd-ufaq-faq-category-title h5 { color: #080707 !important; }#ewd-ufaq-text-search {
    height: 60px; 
    width: 300%; 
    max-width: 1000px;
}
.footer-nav-widgets-wrapper{
  display: none !important;
}

#site-footer{
  background: black;
  height: 20px;
}
.footer-credits{
  display: none;
}
.to-the-top{
  display: none;
}
.header-inner{
  display: none;
}
.singular .entry-header{
  padding: 30px 0px;
  background: white;
  color: black;
}
.post-inner{
  padding-top: 0px;
}
.entry-header{
  display: none;
}



</style><div  class="ewd-ufaq-faq-list ewd-ufaq-page-type-infinite_scroll" id='ewd-ufaq-faq-list'>

	<input type='hidden' name='show_on_load' value='' id='ewd-ufaq-show-on-load' />
<input type='hidden' name='include_category' value='' id='ewd-ufaq-include-category' />
<input type='hidden' name='exclude_category' value='' id='ewd-ufaq-exclude-category' />
<input type='hidden' name='orderby' value='set_order' id='ewd-ufaq-orderby' />
<input type='hidden' name='order' value='asc' id='ewd-ufaq-order' />
<input type='hidden' name='post_count' value='-1' id='ewd-ufaq-post-count' />
<input type='hidden' name='current_url' value='/index.php/wp-json/wp/v2/ufaq/551' id='ewd-ufaq-current-url' />
	
	
	<div class='ewd-ufaq-faqs'>

		<div  class="ewd-ufaq-faq-div ewd-ufaq-faq-column-count-one ewd-ufaq-faq-responsive-columns-1 ewd-ufaq-faq-display-style-minimalist ewd-ufaq-can-be-toggled" id='ewd-ufaq-post-551-7ip384MC8f' data-post_id='551'>

	<div class='ewd-ufaq-faq-title ewd-ufaq-faq-toggle'>
	
	<a class='ewd-ufaq-post-margin'  href='#' role="button">

		<div class='ewd-ufaq-post-margin-symbol ewd-ufaq-'>
			<span >B</span>
		</div>

		<div class='ewd-ufaq-faq-title-text'>

			<h5>
				Pourquoi les champs « Dép. » et « Lieu » sont vides lorsque j’essaie d’ajouter des dates de stage ?			</h5>

		</div>

		<div class='ewd-ufaq-clear'></div>

	</a>
	
</div>
	
	<div class='ewd-ufaq-faq-body ' >

		
			
		
			<div class='ewd-ufaq-post-margin ewd-ufaq-faq-post'>
	<p>Si les champs <strong>« Dép. »</strong> et <strong>« Lieu »</strong> sont vides lors de l’ajout d’une date de stage, cela signifie que le lieu du stage n’a pas encore été créé dans la rubrique <strong>« Salles »</strong> de votre Espace Partenaire.</p>
<p>👉 <strong>Marche à suivre :</strong></p>
<ol>
<li>Rendez-vous dans la rubrique <strong>« Salles »</strong> de votre Espace Partenaire.</li>
<li>Cliquez sur le bouton <strong>« Ajouter une salle »</strong>.</li>
<li>Complétez tous les champs nécessaires (nom de la salle, adresse, etc.).</li>
<li>Cliquez sur <strong>« Enregistrer »</strong> pour valider la création du lieu :</li>
</ol>
<p style="padding-left: 200px"><img fetchpriority="high" decoding="async" class="alignnone size-medium wp-image-552" src="http://www.neopermis.fr/wp-content/uploads/2025/01/image_2025-01-13_113456155-273x300.png" alt="" width="273" height="300" srcset="https://www.neopermis.fr/wp-content/uploads/2025/01/image_2025-01-13_113456155-273x300.png 273w, https://www.neopermis.fr/wp-content/uploads/2025/01/image_2025-01-13_113456155-930x1024.png 930w, https://www.neopermis.fr/wp-content/uploads/2025/01/image_2025-01-13_113456155-768x845.png 768w, https://www.neopermis.fr/wp-content/uploads/2025/01/image_2025-01-13_113456155-1396x1536.png 1396w, https://www.neopermis.fr/wp-content/uploads/2025/01/image_2025-01-13_113456155.png 1522w" sizes="(max-width: 273px) 100vw, 273px" /></p>
<p>👉 <strong>Une fois le lieu créé :</strong><br />
Revenez dans la rubrique <strong>« Stages »</strong> et recommencez l’ajout de votre date de stage. Les champs <strong>« Dép. »</strong> et <strong>« Lieu »</strong> devraient désormais affichés la salle que vous venez d’ajouter.</p>
</div>
		
			
		
			
		
			
		
			
		
			
		
			
		
			
		
			
		
	</div>

</div>
	</div>

	
</div>

<p>B Pourquoi les champs « Dép. » et « Lieu » sont vides lorsque j’essaie d’ajouter des dates de stage ? Si les champs « Dép. » et « Lieu » sont vides lors de l’ajout d’une date de stage, cela signifie que le lieu du stage n’a pas encore été créé dans la rubrique &#8230; <a title="Pourquoi les champs « Dép. » et « Lieu » sont vides lorsque j’essaie d’ajouter des dates de stage ?" class="read-more" href="https://www.neopermis.fr/index.php/ufaq/pourquoi-les-champs-dep-et-lieu-sont-vides-lorsque-jessaie-dajouter-des-dates-de-stage/" aria-label="Read more about Pourquoi les champs « Dép. » et « Lieu » sont vides lorsque j’essaie d’ajouter des dates de stage ?">Read more</a></p>
