{"id":614,"date":"2025-04-07T16:13:24","date_gmt":"2025-04-07T14:13:24","guid":{"rendered":"https:\/\/www.neopermis.fr\/?post_type=ufaq&#038;p=614"},"modified":"2025-04-11T12:23:17","modified_gmt":"2025-04-11T10:23:17","slug":"je-ne-comprends-pas-pourquoi-un-stagiaire-ma-ete-retire-pour-cas-de-force-majeure","status":"publish","type":"ufaq","link":"https:\/\/www.neopermis.fr\/index.php\/ufaq\/je-ne-comprends-pas-pourquoi-un-stagiaire-ma-ete-retire-pour-cas-de-force-majeure\/","title":{"rendered":"Je ne comprends pas pourquoi un stagiaire m&#8217;a \u00e9t\u00e9 retir\u00e9 pour cas de force majeure"},"content":{"rendered":"<style>.ewd-ufaq-post-margin-symbol { color: #2b90df !important; }div.ewd-ufaq-faq-title h5 { font-family: arial !important; }div.ewd-ufaq-faq-title h5 { font-size: 18px !important; }div.ewd-ufaq-faq-title h5 { color: #2b90df !important; }div.ewd-ufaq-faq-category-title h5 { color: #080707 !important; }#ewd-ufaq-text-search {\r\n    height: 60px; \r\n    width: 300%; \r\n    max-width: 1000px;\r\n}\r\n.footer-nav-widgets-wrapper{\r\n  display: none !important;\r\n}\r\n\r\n#site-footer{\r\n  background: black;\r\n  height: 20px;\r\n}\r\n.footer-credits{\r\n  display: none;\r\n}\r\n.to-the-top{\r\n  display: none;\r\n}\r\n.header-inner{\r\n  display: none;\r\n}\r\n.singular .entry-header{\r\n  padding: 30px 0px;\r\n  background: white;\r\n  color: black;\r\n}\r\n.post-inner{\r\n  padding-top: 0px;\r\n}\r\n.entry-header{\r\n  display: none;\r\n}\r\n\r\n\r\n\r\n<\/style><div  class=\"ewd-ufaq-faq-list ewd-ufaq-page-type-infinite_scroll\" id='ewd-ufaq-faq-list'>\n\n\t<input type='hidden' name='show_on_load' value='' id='ewd-ufaq-show-on-load' \/>\n<input type='hidden' name='include_category' value='' id='ewd-ufaq-include-category' \/>\n<input type='hidden' name='exclude_category' value='' id='ewd-ufaq-exclude-category' \/>\n<input type='hidden' name='orderby' value='set_order' id='ewd-ufaq-orderby' \/>\n<input type='hidden' name='order' value='asc' id='ewd-ufaq-order' \/>\n<input type='hidden' name='post_count' value='-1' id='ewd-ufaq-post-count' \/>\n<input type='hidden' name='current_url' value='\/index.php\/wp-json\/wp\/v2\/ufaq\/614' id='ewd-ufaq-current-url' \/>\n\t\n\t\n\t<div class='ewd-ufaq-faqs'>\n\n\t\t<div  class=\"ewd-ufaq-faq-div ewd-ufaq-faq-column-count-one ewd-ufaq-faq-responsive-columns-1 ewd-ufaq-faq-display-style-minimalist ewd-ufaq-can-be-toggled\" id='ewd-ufaq-post-614-iDembWWOBG' data-post_id='614'>\n\n\t<div class='ewd-ufaq-faq-title ewd-ufaq-faq-toggle'>\n\t\n\t<a class='ewd-ufaq-post-margin'  href='#' role=\"button\">\n\n\t\t<div class='ewd-ufaq-post-margin-symbol ewd-ufaq-'>\n\t\t\t<span >B<\/span>\n\t\t<\/div>\n\n\t\t<div class='ewd-ufaq-faq-title-text'>\n\n\t\t\t<h5>\n\t\t\t\tJe ne comprends pas pourquoi un stagiaire m&#8217;a \u00e9t\u00e9 retir\u00e9 pour cas de force majeure\t\t\t<\/h5>\n\n\t\t<\/div>\n\n\t\t<div class='ewd-ufaq-clear'><\/div>\n\n\t<\/a>\n\t\n<\/div>\n\t\n\t<div class='ewd-ufaq-faq-body ' >\n\n\t\t\n\t\t\t\n\t\t\n\t\t\t<div class='ewd-ufaq-post-margin ewd-ufaq-faq-post'>\n\t<p class=\"\" data-start=\"164\" data-end=\"273\"><span style=\"font-size: inherit\">La l\u00e9gislation nous impose un cadre strict concernant les cas de force majeure, auquel nous ne pouvons d\u00e9roger.<\/span><\/p>\n<p class=\"\" data-start=\"399\" data-end=\"430\">Seuls trois cas sont reconnus :<\/p>\n<ul data-start=\"431\" data-end=\"518\">\n<li class=\"\" data-start=\"431\" data-end=\"447\">\n<p class=\"\" data-start=\"433\" data-end=\"447\"><strong data-start=\"433\" data-end=\"444\">Maladie<\/strong>,<\/p>\n<\/li>\n<li class=\"\" data-start=\"448\" data-end=\"472\">\n<p class=\"\" data-start=\"450\" data-end=\"472\"><strong data-start=\"450\" data-end=\"469\">Hospitalisation<\/strong>,<\/p>\n<\/li>\n<li class=\"\" data-start=\"473\" data-end=\"518\">\n<p class=\"\" data-start=\"475\" data-end=\"518\"><strong data-start=\"475\" data-end=\"517\">D\u00e9c\u00e8s d\u2019un membre de la famille proche<\/strong>.<\/p>\n<\/li>\n<\/ul>\n<p class=\"\" data-start=\"520\" data-end=\"704\">Pour chacun de ces cas, des justificatifs pr\u00e9cis sont exig\u00e9s, puis <strong data-start=\"587\" data-end=\"612\">v\u00e9rifi\u00e9s avec rigueur<\/strong> par nos \u00e9quipes. Ce n\u2019est qu\u2019apr\u00e8s validation que le stagiaire est retir\u00e9 de vos effectifs.<\/p>\n<p class=\"\" data-start=\"706\" data-end=\"966\">Nous avons conscience que cela peut affecter la rentabilit\u00e9 d\u2019une session, mais nous nous devons d\u2019appliquer strictement ce cadre l\u00e9gal pour rester en conformit\u00e9 avec la r\u00e9glementation et garantir un fonctionnement \u00e9quitable pour l\u2019ensemble de nos partenaires.<\/p>\n<\/div>\n\t\t\n\t\t\t\n\t\t\n\t\t\t\n\t\t\n\t\t\t\n\t\t\n\t\t\t\n\t\t\n\t\t\t\n\t\t\n\t\t\t\n\t\t\n\t\t\t\n\t\t\n\t\t\t\n\t\t\n\t<\/div>\n\n<\/div>\n\t<\/div>\n\n\t\n<\/div>","protected":false},"excerpt":{"rendered":"<p>B Je ne comprends pas pourquoi un stagiaire m&#8217;a \u00e9t\u00e9 retir\u00e9 pour cas de force majeure La l\u00e9gislation nous impose un cadre strict concernant les cas de force majeure, auquel nous ne pouvons d\u00e9roger. Seuls trois cas sont reconnus : Maladie, Hospitalisation, D\u00e9c\u00e8s d\u2019un membre de la famille proche. Pour chacun de ces cas, des &#8230; <a title=\"Je ne comprends pas pourquoi un stagiaire m&#8217;a \u00e9t\u00e9 retir\u00e9 pour cas de force majeure\" class=\"read-more\" href=\"https:\/\/www.neopermis.fr\/index.php\/ufaq\/je-ne-comprends-pas-pourquoi-un-stagiaire-ma-ete-retire-pour-cas-de-force-majeure\/\" aria-label=\"Read more about Je ne comprends pas pourquoi un stagiaire m&#8217;a \u00e9t\u00e9 retir\u00e9 pour cas de force majeure\">Read more<\/a><\/p>\n","protected":false},"author":1,"comment_status":"closed","ping_status":"closed","template":"","ufaq-category":[19],"ufaq-tag":[],"class_list":["post-614","ufaq","type-ufaq","status-publish","hentry","ufaq-category-centre-f"],"_links":{"self":[{"href":"https:\/\/www.neopermis.fr\/index.php\/wp-json\/wp\/v2\/ufaq\/614","targetHints":{"allow":["GET"]}}],"collection":[{"href":"https:\/\/www.neopermis.fr\/index.php\/wp-json\/wp\/v2\/ufaq"}],"about":[{"href":"https:\/\/www.neopermis.fr\/index.php\/wp-json\/wp\/v2\/types\/ufaq"}],"author":[{"embeddable":true,"href":"https:\/\/www.neopermis.fr\/index.php\/wp-json\/wp\/v2\/users\/1"}],"replies":[{"embeddable":true,"href":"https:\/\/www.neopermis.fr\/index.php\/wp-json\/wp\/v2\/comments?post=614"}],"version-history":[{"count":1,"href":"https:\/\/www.neopermis.fr\/index.php\/wp-json\/wp\/v2\/ufaq\/614\/revisions"}],"predecessor-version":[{"id":615,"href":"https:\/\/www.neopermis.fr\/index.php\/wp-json\/wp\/v2\/ufaq\/614\/revisions\/615"}],"wp:attachment":[{"href":"https:\/\/www.neopermis.fr\/index.php\/wp-json\/wp\/v2\/media?parent=614"}],"wp:term":[{"taxonomy":"ufaq-category","embeddable":true,"href":"https:\/\/www.neopermis.fr\/index.php\/wp-json\/wp\/v2\/ufaq-category?post=614"},{"taxonomy":"ufaq-tag","embeddable":true,"href":"https:\/\/www.neopermis.fr\/index.php\/wp-json\/wp\/v2\/ufaq-tag?post=614"}],"curies":[{"name":"wp","href":"https:\/\/api.w.org\/{rel}","templated":true}]}}

Je ne comprends pas pourquoi un stagiaire m&#8217;a été retiré pour cas de force majeure

<style>.ewd-ufaq-post-margin-symbol { color: #2b90df !important; }div.ewd-ufaq-faq-title h5 { font-family: arial !important; }div.ewd-ufaq-faq-title h5 { font-size: 18px !important; }div.ewd-ufaq-faq-title h5 { color: #2b90df !important; }div.ewd-ufaq-faq-category-title h5 { color: #080707 !important; }#ewd-ufaq-text-search {
    height: 60px; 
    width: 300%; 
    max-width: 1000px;
}
.footer-nav-widgets-wrapper{
  display: none !important;
}

#site-footer{
  background: black;
  height: 20px;
}
.footer-credits{
  display: none;
}
.to-the-top{
  display: none;
}
.header-inner{
  display: none;
}
.singular .entry-header{
  padding: 30px 0px;
  background: white;
  color: black;
}
.post-inner{
  padding-top: 0px;
}
.entry-header{
  display: none;
}



</style><div  class="ewd-ufaq-faq-list ewd-ufaq-page-type-infinite_scroll" id='ewd-ufaq-faq-list'>

	<input type='hidden' name='show_on_load' value='' id='ewd-ufaq-show-on-load' />
<input type='hidden' name='include_category' value='' id='ewd-ufaq-include-category' />
<input type='hidden' name='exclude_category' value='' id='ewd-ufaq-exclude-category' />
<input type='hidden' name='orderby' value='set_order' id='ewd-ufaq-orderby' />
<input type='hidden' name='order' value='asc' id='ewd-ufaq-order' />
<input type='hidden' name='post_count' value='-1' id='ewd-ufaq-post-count' />
<input type='hidden' name='current_url' value='/index.php/wp-json/wp/v2/ufaq/614' id='ewd-ufaq-current-url' />
	
	
	<div class='ewd-ufaq-faqs'>

		<div  class="ewd-ufaq-faq-div ewd-ufaq-faq-column-count-one ewd-ufaq-faq-responsive-columns-1 ewd-ufaq-faq-display-style-minimalist ewd-ufaq-can-be-toggled" id='ewd-ufaq-post-614-iDembWWOBG' data-post_id='614'>

	<div class='ewd-ufaq-faq-title ewd-ufaq-faq-toggle'>
	
	<a class='ewd-ufaq-post-margin'  href='#' role="button">

		<div class='ewd-ufaq-post-margin-symbol ewd-ufaq-'>
			<span >B</span>
		</div>

		<div class='ewd-ufaq-faq-title-text'>

			<h5>
				Je ne comprends pas pourquoi un stagiaire m&#8217;a été retiré pour cas de force majeure			</h5>

		</div>

		<div class='ewd-ufaq-clear'></div>

	</a>
	
</div>
	
	<div class='ewd-ufaq-faq-body ' >

		
			
		
			<div class='ewd-ufaq-post-margin ewd-ufaq-faq-post'>
	<p class="" data-start="164" data-end="273"><span style="font-size: inherit">La législation nous impose un cadre strict concernant les cas de force majeure, auquel nous ne pouvons déroger.</span></p>
<p class="" data-start="399" data-end="430">Seuls trois cas sont reconnus :</p>
<ul data-start="431" data-end="518">
<li class="" data-start="431" data-end="447">
<p class="" data-start="433" data-end="447"><strong data-start="433" data-end="444">Maladie</strong>,</p>
</li>
<li class="" data-start="448" data-end="472">
<p class="" data-start="450" data-end="472"><strong data-start="450" data-end="469">Hospitalisation</strong>,</p>
</li>
<li class="" data-start="473" data-end="518">
<p class="" data-start="475" data-end="518"><strong data-start="475" data-end="517">Décès d’un membre de la famille proche</strong>.</p>
</li>
</ul>
<p class="" data-start="520" data-end="704">Pour chacun de ces cas, des justificatifs précis sont exigés, puis <strong data-start="587" data-end="612">vérifiés avec rigueur</strong> par nos équipes. Ce n’est qu’après validation que le stagiaire est retiré de vos effectifs.</p>
<p class="" data-start="706" data-end="966">Nous avons conscience que cela peut affecter la rentabilité d’une session, mais nous nous devons d’appliquer strictement ce cadre légal pour rester en conformité avec la réglementation et garantir un fonctionnement équitable pour l’ensemble de nos partenaires.</p>
</div>
		
			
		
			
		
			
		
			
		
			
		
			
		
			
		
			
		
	</div>

</div>
	</div>

	
</div>

<p>B Je ne comprends pas pourquoi un stagiaire m&#8217;a été retiré pour cas de force majeure La législation nous impose un cadre strict concernant les cas de force majeure, auquel nous ne pouvons déroger. Seuls trois cas sont reconnus : Maladie, Hospitalisation, Décès d’un membre de la famille proche. Pour chacun de ces cas, des &#8230; <a title="Je ne comprends pas pourquoi un stagiaire m&#8217;a été retiré pour cas de force majeure" class="read-more" href="https://www.neopermis.fr/index.php/ufaq/je-ne-comprends-pas-pourquoi-un-stagiaire-ma-ete-retire-pour-cas-de-force-majeure/" aria-label="Read more about Je ne comprends pas pourquoi un stagiaire m&#8217;a été retiré pour cas de force majeure">Read more</a></p>
